7. Determine m(v).
-6
Let o(u) = 5*u**2 - 2*u**2 + 685*u + 686*u + 7 - 1369*u. What is o(3)?
40
Let r(b) be the third derivative of -b**6/60 - b**5/10 - 5*b**4/12 - 13*b**3/3 - 2*b**2 + 1548*b + 2. Determine r(-4).
46
Let p(h) be the first derivative of h**4/4 + 3*h**3 + h**2 + 10*h - 27. Let i = 940 - 949. Calculate p(i).
-8
Let c(b) be the third derivative of b**5/60 - 5*b**4/24 - 37*b**3/6 + b**2 + 6*b. Let y be c(-4). Let u(t) = -20*t**2 + t + 1. Calculate u(y).
-20
Let t(o) = 3 + 649*o**2 - 2*o + 2*o**3 - 654*o**2 - o**3. Let h be (7 - 6)*(5 - 0). Calculate t(h).
-7
Let j = -67 + 69. Suppose 3*l + j*w = 458, 3*l + 0*w - 452 = 4*w. Let s(o) = 150 + o - l + 3*o + 7*o**2 + o**3. Calculate s(-6).
10
Let w(x) = -4 + 4*x + 18*x + 17*x + 4*x. Determine w(-2).
-90
Let t(b) = -114*b - 105. Let a(n) = 134*n + 105. Let g(s) = -5*a(s) - 6*t(s). Determine g(-6).
21
Let j be -2 + 3 + (-1 - -1). Let b(z) = 4 - 1 + j - z. Let n = -6088 - -6090. Determine b(n).
2
Let c = 3493 + -3485. Let m(r) = -r + 27. What is m(c)?
19
Let o(y) = -3*y**2 - 2*y**2 + 1 + 1 + 2*y + y**3. Let x be 16/(-1440)*-9 + (-821)/10. Let m be x/(-21) - (-6)/63. What is o(m)?
-6
Let h(x) be the third derivative of x**5/30 - x**4/8 - x**3/3 - 1210*x**2. What is h(7)?
75
Let l = 2266 + -2260. Let d(f) = -5 + 4*f + 2 + f. What is d(l)?
27
Let h(g) = -6*g + 1. Suppose 4 + 2 = 3*c. Suppose -5*x - 4*a = 456, 4*x - c*a + 492 - 122 = 0. Let j = -91 - x. Give h(j).
-5
Let l(x) = -3*x**2 + 20*x + 12. Let k(b) = b**2 - 7*b - 4. Let s(y) = -11*k(y) - 4*l(y). Let w(g) = 2*g**2 - 41*g - 4835. Let q be w(-40). Give s(q).
6
Let b(t) = -t**2 + 21*t - 12. Suppose 193*o + 20 = 194*o. Calculate b(o).
8
Let j be 0 - 2 - (0 + -6). Let r = 257 + -237. Let m(a) = r - 6*a**2 + a**3 + 4*a + 25 + 24 - 71. Calculate m(j).
-18
Let m = -36936 - -36941. Let u(i) = -i**3 + 9*i**2 - 9*i - 7. Calculate u(m).
48
Let b(s) = -2*s - 20. Let m be b(-10). Let l(g) = 517 + 6*g - g**2 - 7*g + g**3 - 518. Determine l(m).
-1
Let p be (-1)/(-3) + (-10 - (-11)/3). Let b(n) = -6*n - 21. Calculate b(p).
15
Let i = -18 + 11. Let n(q) = 4 - 1280270*q + 1280268*q - 8 - 6. What is n(i)?
4
Let y(x) = 46*x + 238. Let v be y(-5). Let p(l) = -2*l + 5*l - 4*l + 2*l - 8. What is p(v)?
0
Let x be -28*(-184)/2737*17. Let z(f) = 10*f - 330. Determine z(x).
-10
Let c(u) = 2*u + 72. Let p(x) = -x**2 + 361*x - 4549. Let g be p(13). What is c(g)?
22
Suppose p - b = 175, 0*p - b + 863 = 5*p. Suppose 96 = p*q - 167*q. Let d(x) = -x**2 + 17*x - 21. Give d(q).
-5
Let g(q) = q + 1489 - 4474 + 1493 + 1496. Let w be (6 - 1)*6/(-15). Let r = -1 + w. Calculate g(r).
1
Let a(d) = -7*d**2 - 18*d - 46. Let u(b) = -6*b**2 - 18*b - 50. Let v(m) = 5*a(m) - 6*u(m). Determine v(-6).
-2
Let y = 115 - 120. Let l(t) = -5*t + 1. Let q(d) = -4*d + 1. Let v(n) = y*l(n) + 6*q(n). Give v(-7).
-6
Let x(q) = q**3 - 9*q**2 - q + 15. Let l be x(9). Suppose -4*y = -3*k + 3, -3*k = -y - 2*y - l. Let z(n) = -n**2 + 5*n - 5. What is z(k)?
-5
Let z(r) = 0*r**2 + 2*r**2 - 23*r - 5*r - 12 + 56 - 61. Determine z(15).
13
Let f(t) = t**3 + 5*t**2 + 4*t + 3. Let g be f(-2). Let y be g + ((-30)/6 - -5). Let j(w) = w**3 - 8*w**2 + 5*w - 3. Give j(y).
-17
Let x be (-8)/(1 - ((-45)/(-75))/((-18)/(-10))). Let k(g) = g**2 + 17*g + 23. Determine k(x).
-37
Let n be (-6)/(-10) + 26/(-10). Let d(w) = -w**2 - 6*w + 2. Let u be d(-6). Let f(x) = -5*x + x**3 + x**2 + x**u + 7*x + x + 1. Give f(n).
-5
Let h(x) be the second derivative of -x**4/12 + x**3/6 + 11*x**2/2 - 10*x + 505. Let n be 4/(-1)*(0 + -1). Give h(n).
-1
Let z(d) = -26*d**2 - 39*d - 117. Let q(a) = 5*a**2 + 9*a + 24. Let t(r) = 11*q(r) + 2*z(r). Give t(-3).
-6
Let d be (1/2)/((-5)/30). Let p(r) = -4*r - 5. Let k(c) = c + 1. Suppose -4*x = 4*b - 12, -2*x = -b - 4*x + 2. Let f(t) = b*p(t) + 18*k(t). Calculate f(d).
-8
Let q be 187/9 - (-6)/27. Let j(f) = -f**2 + 21*f + 2. Let x be j(q). Suppose -x*i - 6 = -4*s, 0 = 4*i - 0*i + s + 30. Let b(h) = h + 3. What is b(i)?
-4
Suppose 0 = 192*l - 181*l - 121. Let w(a) = 2*a**2 - 20*a - 24. Determine w(l).
-2
Suppose m = -5*g + 20, -2*g - 2*m = 2*m + 10. Let q(h) = -g*h + 2 - 2 - 2 + 6*h. Suppose -5*i - 2*r - 5 = -6*r, -5*i + 5*r = 0. Determine q(i).
-7
Let f(d) = d + 23. Let s be f(-22). Let k(z) = -s + z**2 + 3*z**2 + 2062*z**3 - 2061*z**3 - 5*z. Calculate k(-5).
-1
Suppose 0 = 2*r + 6, -3*r = -3*z + 15 + 33. Suppose 10*q = z*q + 33. Let k(s) = -s - 10. What is k(q)?
1
Let m(f) = 6*f**2 + f + 1. Let w(x) = -21*x + 4*x**2 + 5741 - 5704 - 3*x**2. Let g be w(19). Give m(g).
6
Let g(w) be the first derivative of 1/4*w**4 + 129 + 2*w**3 - 5/2*w**2 - 10*w. What is g(-7)?
-24
Suppose 4*w = -5*l - 10, w + 2*w + 2*l = -4. Let z be (-27)/81 + ((-12)/(-9) - 1). Let s(d) = d + 182 + 180 + z*d - 353. Give s(w).
9
Suppose -4*a + 3*j + 47 = 0, j = 5*j - 12. Let i be 8/a + -1 - (-938)/(-98). Let p be i/15 + 13/(-3). Let c(t) = -t**2 - 6*t - 5. What is c(p)?
0
Let s(u) = -u**2 + 7*u. Let f be s(6). Let m(d) = 26 - f - 9 - 9 + 2*d. Calculate m(6).
14
Let z(y) = -3*y + 23. Let w be z(6). Let m be -2 + (-2 - (w - 9)). Suppose 5*x + 2*x - 14 = m. Let k(v) = 3*v - 1. Calculate k(x).
5
Let q = 5914 + -5919. Let m(o) = -5*o**2 + 4*o**3 + 3 - 3*o**3 + 2*o - 2*o**3. Determine m(q).
-7
Let x(d) = -3*d**2 + d**2 - d + 28 - 216512*d**3 + 13*d - 13*d**2 + 216513*d**3. What is x(14)?
0
Suppose -23*f = -19*f + 80. Let j(b) = b**3 + 21*b**2 + 21*b + 21. Determine j(f).
1
Let d(r) be the third derivative of r**6/120 + 5*r**5/12 + r**3/2 - 537*r**2 - 2*r. Calculate d(-25).
3
Let u(t) = -2*t + 24*t + 44 - 21*t - 10*t. Determine u(6).
-10
Let z be 86/(-18) - 2/9. Let h(w) be the first derivative of w**3/6 + 5*w**2/2 - 29*w - 2. Let m(a) be the first derivative of h(a). Give m(z).
0
Let w(v) be the third derivative of -v**8/20160 - v**6/144 - 9*v**5/5 + 3*v**2 - 12*v. Let n(f) be the third derivative of w(f). What is n(0)?
-5
Let o(u) = -9*u - 9*u + 21*u - u**2 - 31. Let y(d) = 2*d**2 - 8*d + 60. Let c(z) = 5*o(z) + 3*y(z). Calculate c(5).
5
Suppose 662*j - 642*j - 100 = 0. Let i(k) = -k + 32. Determine i(j).
27
Suppose -1008 = 104*s - 161 + 1025. Let i(u) = 5*u + 102. Determine i(s).
12
Let l(b) be the second derivative of b**4/12 - b**3/2 + b**2/2 + 8*b. Let t = -12111 - -12111. Calculate l(t).
1
Let j(y) = -3*y + 62. Let z(r) = 15*r**2 - 107*r + 109. Let q be z(1). Calculate j(q).
11
Let h = 3 + 3. Let s(y) = -13*y**3 + 12*y**2 - 5*y. Let a = -219 - -202. Let x(q) = -37*q**3 + 35*q**2 - 14*q. Let v(f) = a*s(f) + 6*x(f). Determine v(h).
6
Suppose -5*s = -3*p + p - 210, s - 59 = -3*p. Suppose s = 4*y + 40. Let i(r) = -3 - 2*r + 5 - y - 3. Give i(3).
-8
Let g be (1 + 7)*(-3)/(-6). Let i(n) = -n**3 + 5*n**2 - 6*n + 12. Let c be i(g). Let w(y) = 3*y**2 - c - 61*y - 2*y**2 + 68*y. Give w(-7).
-4
Let f(s) be the first derivative of -3*s**2 - 103*s + 794. Determine f(-18).
5
Suppose -6*a = -55 + 2 - 25. Let v(d) = 8*d - 103. Give v(a).
1
Suppose 2*x = -3*z - 0*z, 0 = 3*z - 5*x. Let n(b) = 12*b**2 + 5*b + z - 7*b**2 - 4*b**2 + 7. Determine n(-6).
13
Let m(n) = -n + 8*n + 3711*n**2 - 6 + 2 + 3 + n**3 - 3701*n**2. What is m(-8)?
71
Let d(h) be the first derivative of h**4/4 + 20*h**3/3 + 65*h**2/2 + 9*h + 2148. Give d(-4).
5
Let d(y) = -y**3 - 10*y**2 - y + 12. Let p be d(-10). Suppose 29 = -p*s - 103. Let i(z) = z - 1. Determine i(s).
-7
Let i(s) = -1541 + 1534 + 11*s - 22*s. Give i(-2).
15
Let i(b) be the first derivative of 14*b**3 + b**2 + b - 3814. Give i(1).
45
Let t(s) = 4*s + 3. Let q be (15 + (-705)/45)/(1/6). Determine t(q).
-13
Suppose 4*u = 3*u + 5. Suppose 32 = 4*s + 5*y, -u*y = -2*s + s - 17. Let b(p) = 2*p + 9*p - s + 10 - 10*p. Determine b(-5).
2
Let m be ((-2)/(-3))/(-3 - (-1588)/528). Let g(l) = 169*l - 4 - 86*l - m*l. Give g(-2).
6
Let p(s) = 5*s**2 - 19*s - 5. Suppose 6 = 3*w, 5*j + w - 70 + 48 = 0. Calculate p(j).
-1
Let v(h) = 239*h**2 - 17*h**3 + 9*h + 16*h**3 - 4 - 1 - 235*h**2. Suppose -a = a - 12. Determine v(a).
-23
Let y(c) = 82*c - 50*c - 33*c + 4. Let r(j) = -12*j + 54. Let t(w) = r(w) - 6*y(w). What is t(6)?
-6
Let q be 1/((-26)/130*(0 + -1)). Let u(w) = -q*w + 5 - 7*w**2 + w + 6*w**2. Let i(c) = c**2 + 8*c - 6. Let a be i(-8). Calculate u(a).
-7
Let d(t) be the second derivative of t**5/10 - t**4/3 - t*